+ 7?
-34933
In base 10, what is 9 + -35751?
-35742
In base 2, what is 10 + 11111010001011000?
11111010001011010
In base 5, what is -10213343 + -2?
-10213400
In base 7, what is 1462530 + -13?
1462514
In base 3, what is -11022011 - 0?
-11022011
In base 3, what is 220112200 + 0?
220112200
In base 13, what is -3 - -3734?
3731
In base 5, what is 0 - -101341000?
101341000
In base 2, what is -1001101000010 + 101001001?
-1000111111001
In base 11, what is 927519 + -2?
927517
In base 6, what is 454211 - 4?
454203
In base 6, what is -41 + -15?
-100
In base 13, what is 14 - -5033?
5047
In base 13, what is -4 - -63c30?
63c29
In base 6, what is -3 + -2313321?
-2313324
In base 9, what is 38 + 1261?
1310
In base 6, what is 133002 + -4?
132554
In base 4, what is 2101232123 + 3?
2101232132
In base 12, what is 5 - -3b089?
3b092
In base 4, what is -10001002002 - 11?
-10001002013
In base 16, what is -1f4f - -6?
-1f49
In base 6, what is 2 - 1012502?
-1012500
In base 4, what is -300120201 + -11?
-300120212
In base 6, what is -131 + 3214?
3043
In base 6, what is -13 + -1130132?
-1130145
In base 2, what is 1011110111001100 - 1000?
1011110111000100
In base 11, what is -2910 + 7?
-2904
In base 5, what is 141131220 + 1?
141131221
In base 14, what is 4 + 29bbb?
29bc1
In base 9, what is 363 - 1211?
-737
In base 5, what is 0 + -12311031?
-12311031
In base 5, what is 43023 + 303?
43331
In base 4, what is -1332102033 - 2?
-1332102101
In base 7, what is 520 + -1663?
-1143
In base 3, what is -2010021120 + 202?
-2010020211
In base 3, what is -101101 + -110121?
-211222
In base 16, what is -16e - -c5d?
aef
In base 12, what is 7a10 - -1?
7a11
In base 12, what is -3b8221 + -5?
-3b8226
In base 16, what is -27a13 - 2?
-27a15
In base 3, what is 1120 + -2200021?
-2121201
In base 10, what is 13049 + 5?
13054
In base 4, what is 121120203 + -11?
121120132
In base 15, what is -1 - 2ca9?
-2caa
In base 9, what is -14 - 54?
-68
In base 3, what is 1111110 - -10200?
1122010
In base 16, what is 234 + 841?
a75
In base 6, what is 103130 + 113?
103243
In base 9, what is 3 - -1251?
1254
In base 15, what is -272d9 - 2?
-272db
In base 7, what is 1 - -661040?
661041
In base 11, what is -8 + 472a?
4722
In base 10, what is 12 - 1690?
-1678
In base 7, what is 26412 + -1405?
25004
In base 7, what is -60121 - -15?
-60103
In base 14, what is 8dd5 - -3?
8dd8
In base 16, what is -5 + -199f?
-19a4
In base 5, what is 133434 + -1031?
132403
In base 16, what is cab49 - -3?
cab4c
In base 3, what is 10012 - -120122?
200211
In base 3, what is 12211 - 112111000?
-112021012
In base 4, what is 2301 + 110322?
113223
In base 10, what is -55380 - 1?
-55381
In base 12, what is -4 - 33497?
-3349b
In base 2, what is 10011111110011110 + 11?
10011111110100001
In base 10, what is 1021 + 1163?
2184
In base 15, what is d9 - -c7e?
d68
In base 4, what is -111103 - 331?
-112100
In base 13, what is 16b43 - -2?
16b45
In base 3, what is 1221201002 + 1?
1221201010
In base 11, what is 58 - -114?
171
In base 15, what is -4 - -3053?
304e
In base 16, what is 3b5 - -71?
426
In base 7, what is 0 + -4261?
-4261
In base 11, what is 243036 + -3?
243033
In base 15, what is e + -878c?
-877d
In base 11, what is 5 + 887?
891
In base 2, what is -10101110011 - 101100?
-10110011111
In base 2, what is 110100 - -1100110100001011?
1100110100111111
In base 16, what is 2 + 185?
187
In base 13, what is 148 - 198?
-50
In base 4, what is -12 + 113110?
113032
In base 9, what is 24713 + 4?
24717
In base 5, what is -134313342 + 0?
-134313342
In base 16, what is 22d05 - 4?
22d01
In base 8, what is -7 + 4532?
4523
In base 7, what is -614313 + 21?
-614262
In base 13, what is -4 + -32a9?
-32b0
In base 2, what is -11101000001011110001 + 11?
-11101000001011101110
In base 15, what is -4 + 4d833?
4d82e
In base 13, what is -5ab + -62a?
-c08
In base 15, what is -c246 + 0?
-c246
In base 10, what is 8 - -6792?
6800
In base 11, what is 3 + -2a806?
-2a803
In base 10, what is 102166 + 1?
102167
In base 4, what is -11301 - 212?
-12113
In base 15, what is -1 + -4460?
-4461
In base 2, what is -1000100 - -111111101111?
111110101011
In base 13, what is -10 - -cb8?
ca8
In base 3, what is -200112210 + 10?
-200112200
In base 14, what is -6 + 88?
82
In base 2, what is 0 - 1010011100001011?
-1010011100001011
In base 12, what is 1015 - -31?
1046
In base 7, what is -602 + 62?
-510
In base 6, what is -55 - -430100?
430001
In base 4, what is -21211232023 + -3?
-21211232032
In base 10, what is -214 + 1945?
1731
In base 14, what is 121d4 - -d?
12203
In base 12, what is -27 - 21932?
-21959
In base 11, what is -25682 - 5?
-25687
In base 8, what is -2237 - -6?
-2231
In base 13, what is 24617 + -5?
24612
In base 5, what is -122124424 + -10?
-122124434
In base 2, what is 100 - -110000011011100?
110000011100000
In base 4, what is 2 + 133301200?
133301202
In base 4, what is 31010111 + -302?
31003203
In base 15, what is -8e89 - 7?
-8e91
In base 7, what is -166236 + 13?
-166223
In base 10, what is 10867 - 4?
10863
In base 6, what is 4 + 22155?
22203
In base 4, what is 22231 - -21123?
110020
In base 12, what is -236a - 13?
-2381
In base 16, what is 2978c + 2?
2978e
In base 9, what is 770832 - -6?
770838
In base 15, what is 2136 + -17?
211e
In base 5, what is 211222 + -212?
211010
In base 10, what is 17509 - 6?
17503
In base 12, what is 0 - -2643?
2643
In base 16, what is -29b + -3d5?
-670
In base 15, what is -8a2 - -10?
-892
In base 9, what is -225 - 5617?
-5843
In base 16, what is 744fa + -4?
744f6
In base 8, what is 1516 + -2003?
-265
In base 8, what is -407107 - -6?
-407101
In base 12, what is 0 + -6bb2?
-6bb2
In base 5, what is -33 + 12420?
12332
In base 2, what is -111101110011 - 11?
-111101110110
In base 5, what is 24 + 41004?
41033
In base 4, what is 13 + 3102101?
3102120
In base 6, what is -42001200 + 3?
-42001153
In base 5, what is -30 + -14033?
-14113
In base 12, what is 0 + 13b1?
13b1
In base 4, what is -3 - 1021213023?
-1021213032
In base 2, what is -101 - 11100001111001111?
-11100001111010100
In base 16, what is 26dd8 - -1?
26dd9
In base 7, what is 335 + 1020?
1355
In base 4, what is -2310102 + 21?
-2310021
In base 2, what is 10010 + -1000111011100?
-1000111001010
In base 2, what is -1000 - -1010100011110111?
1010100011101111
In base 8, what is 52353 + 4?
52357
In base 6, what is 121120 - -2?
121122
In base 2, what is 10 + -110011001001000?
-110011001000110
In base 10, what is 28207 - -17?
28224
In base 2, what is 10111 + 1010?
100001
In base 3, what is 1220001 + -11112?
1201112
In base 12, what is 5 + 8b2b?
8b34
In base 15, what is 893 - 251?
642
In base 7, what is -3001 + 15642?
12641
In base 16, what is 16 + a92?
aa8
In base 13, what is 35 - -5c0?
625
In base 6, what is -43250 + -2?
-43252
In base 12, what is 710 - 1b?
6b1
In base 6, what is -145 - 114333?
-114522
In base 6, what is 2032123 + 3?
2032130
In base 9, what is -7 - -1763?
1755
In base 14, what is -45 - 2373?
-23b8
In base 6, what is -5 - -30435?
30430
In base 5, what is -10144410 + 133?
-10144222
In base 12, what is b0 - -93?
183
In base 8, what is 1403343 - -4?
1403347
In base 2, what is 1010 + -11111111110100?
-11111111101010
In base 5, what is -144420 + 4?
-144411
In base 3, what is 12 - 100200111120?
-100200111101
In base 12, what is b024 - -4?
b028
In base 4, what is -300 - -30211?
23311
In base 13, what is 14702 - 5?
146ca
In base 9, what is 20701 + 5?
20706
In base 13, what is -2408b + 2b?
-24060
In base 3, what is 1100020211020 - 0?
1100020211020
In base 2, what is 0 - 10101001110101000?
-10101001110101000
In base 2, what is -100010011101000100 - -101?
-100010011100111111
In base 3, what is -1112111200 + -2?
-1112111202
In base 12, what is 3 - 31120?
-31119
In base 6, what is -3 - -2004051?
2004044
In base 8, what is -1 + -43050?
-43051
In base 6, what is 1354310 - 52?
1354214
In base 6, what is -20 - -13040003?
13035543
In base 10, what is 2813 - 3?
2810
In base 12, what is -459 - -2a?
-42b
In base 8, what is -2 + 1637534?
1637532
In base 3, what is -110 - -10111110010?
10111102200
In base 2, what is 101110000101000101 + 100?
101110000101001001
In base 9, what is 36 + 10157?
10204
In base 3, what is 1121 + 1221020?
1222211
In base 4, what is -103 + -2023100?
-2023203
In base 4, what is -21 - 3203220?
-3203301
In b